{"id":542,"date":"2023-09-06T20:32:25","date_gmt":"2023-09-06T20:32:25","guid":{"rendered":"https:\/\/rv-uedesheim.de\/?page_id=542"},"modified":"2023-09-06T20:32:44","modified_gmt":"2023-09-06T20:32:44","slug":"vereinskleidung","status":"publish","type":"page","link":"https:\/\/rv-uedesheim.de\/vereinskleidung\/","title":{"rendered":"Vereinskleidung"},"content":{"rendered":"\n<p class=\"has-vivid-cyan-blue-color has-text-color\"><a href=\"https:\/\/rv-uedesheim.de\/wp-content\/uploads\/2021\/11\/Bestellformular-Vereinskleidung.pdf\" target=\"_blank\" rel=\"noreferrer noopener\">Zum Bestellen der Vereinskleidung nutzen Sie bitte unser <strong>Bestellformular<\/strong>.<\/a><\/p>\n\n\n\n<p>Klick auf das entsprechende Bild f\u00fcr eine vergr\u00f6\u00dferte Ansicht<\/p>\n\n\n\n<figure class=\"wp-block-gallery columns-3 is-cropped\">\n<ul class=\"blocks-gallery-grid\">\n<li class=\"blocks-gallery-item\">\u00a0<\/li>\n<li class=\"blocks-gallery-item\">\u00a0<\/li>\n<li class=\"blocks-gallery-item\">\u00a0<\/li>\n<li class=\"blocks-gallery-item\">\u00a0<\/li>\n<li class=\"blocks-gallery-item\">\u00a0<\/li>\n<\/ul>\n<\/figure>\n\n\n\n<figure class=\"wp-block-gallery columns-1 is-cropped\"><ul class=\"blocks-gallery-grid\"><li class=\"blocks-gallery-item\"><figure><a href=\"https:\/\/rv-uedesheim.de\/wp-content\/uploads\/2023\/08\/Regenjacke.jpg\"><img loading=\"lazy\" width=\"1280\" height=\"720\" src=\"https:\/\/rv-uedesheim.de\/wp-content\/uploads\/2023\/08\/Regenjacke.jpg\" alt=\"\" data-id=\"1033\" data-full-url=\"https:\/\/rv-uedesheim.de\/wp-content\/uploads\/2023\/08\/Regenjacke.jpg\" data-link=\"https:\/\/rv-uedesheim.de\/?attachment_id=1033\" class=\"wp-image-1033\" srcset=\"https:\/\/rv-uedesheim.de\/wp-content\/uploads\/2023\/08\/Regenjacke.jpg 1280w, https:\/\/rv-uedesheim.de\/wp-content\/uploads\/2023\/08\/Regenjacke-300x169.jpg 300w, https:\/\/rv-uedesheim.de\/wp-content\/uploads\/2023\/08\/Regenjacke-1024x576.jpg 1024w, https:\/\/rv-uedesheim.de\/wp-content\/uploads\/2023\/08\/Regenjacke-768x432.jpg 768w\" sizes=\"(max-width: 1280px) 100vw, 1280px\" \/><\/a><\/figure><\/li><li class=\"blocks-gallery-item\"><figure><a href=\"https:\/\/rv-uedesheim.de\/wp-content\/uploads\/2023\/08\/Damen-T-Shirt.jpg\"><img loading=\"lazy\" width=\"1280\" height=\"720\" src=\"https:\/\/rv-uedesheim.de\/wp-content\/uploads\/2023\/08\/Damen-T-Shirt.jpg\" alt=\"\" data-id=\"1031\" data-full-url=\"https:\/\/rv-uedesheim.de\/wp-content\/uploads\/2023\/08\/Damen-T-Shirt.jpg\" data-link=\"https:\/\/rv-uedesheim.de\/?attachment_id=1031\" class=\"wp-image-1031\" srcset=\"https:\/\/rv-uedesheim.de\/wp-content\/uploads\/2023\/08\/Damen-T-Shirt.jpg 1280w, https:\/\/rv-uedesheim.de\/wp-content\/uploads\/2023\/08\/Damen-T-Shirt-300x169.jpg 300w, https:\/\/rv-uedesheim.de\/wp-content\/uploads\/2023\/08\/Damen-T-Shirt-1024x576.jpg 1024w, https:\/\/rv-uedesheim.de\/wp-content\/uploads\/2023\/08\/Damen-T-Shirt-768x432.jpg 768w\" sizes=\"(max-width: 1280px) 100vw, 1280px\" \/><\/a><\/figure><\/li><li class=\"blocks-gallery-item\"><figure><a href=\"https:\/\/rv-uedesheim.de\/wp-content\/uploads\/2023\/08\/Softshelljacke.jpg\"><img loading=\"lazy\" width=\"1280\" height=\"720\" src=\"https:\/\/rv-uedesheim.de\/wp-content\/uploads\/2023\/08\/Softshelljacke.jpg\" alt=\"\" data-id=\"1032\" data-full-url=\"https:\/\/rv-uedesheim.de\/wp-content\/uploads\/2023\/08\/Softshelljacke.jpg\" data-link=\"https:\/\/rv-uedesheim.de\/?attachment_id=1032\" class=\"wp-image-1032\" srcset=\"https:\/\/rv-uedesheim.de\/wp-content\/uploads\/2023\/08\/Softshelljacke.jpg 1280w, https:\/\/rv-uedesheim.de\/wp-content\/uploads\/2023\/08\/Softshelljacke-300x169.jpg 300w, https:\/\/rv-uedesheim.de\/wp-content\/uploads\/2023\/08\/Softshelljacke-1024x576.jpg 1024w, https:\/\/rv-uedesheim.de\/wp-content\/uploads\/2023\/08\/Softshelljacke-768x432.jpg 768w\" sizes=\"(max-width: 1280px) 100vw, 1280px\" \/><\/a><\/figure><\/li><li class=\"blocks-gallery-item\"><figure><a href=\"https:\/\/rv-uedesheim.de\/wp-content\/uploads\/2023\/08\/T-Shirt.jpg\"><img loading=\"lazy\" width=\"1280\" height=\"720\" src=\"https:\/\/rv-uedesheim.de\/wp-content\/uploads\/2023\/08\/T-Shirt.jpg\" alt=\"\" data-id=\"1030\" data-full-url=\"https:\/\/rv-uedesheim.de\/wp-content\/uploads\/2023\/08\/T-Shirt.jpg\" data-link=\"https:\/\/rv-uedesheim.de\/?attachment_id=1030\" class=\"wp-image-1030\" srcset=\"https:\/\/rv-uedesheim.de\/wp-content\/uploads\/2023\/08\/T-Shirt.jpg 1280w, https:\/\/rv-uedesheim.de\/wp-content\/uploads\/2023\/08\/T-Shirt-300x169.jpg 300w, https:\/\/rv-uedesheim.de\/wp-content\/uploads\/2023\/08\/T-Shirt-1024x576.jpg 1024w, https:\/\/rv-uedesheim.de\/wp-content\/uploads\/2023\/08\/T-Shirt-768x432.jpg 768w\" sizes=\"(max-width: 1280px) 100vw, 1280px\" \/><\/a><\/figure><\/li><li class=\"blocks-gallery-item\"><figure><a href=\"https:\/\/rv-uedesheim.de\/wp-content\/uploads\/2023\/08\/Polos.jpg\"><img loading=\"lazy\" width=\"1280\" height=\"720\" src=\"https:\/\/rv-uedesheim.de\/wp-content\/uploads\/2023\/08\/Polos.jpg\" alt=\"\" data-id=\"1029\" data-full-url=\"https:\/\/rv-uedesheim.de\/wp-content\/uploads\/2023\/08\/Polos.jpg\" data-link=\"https:\/\/rv-uedesheim.de\/?attachment_id=1029\" class=\"wp-image-1029\" srcset=\"https:\/\/rv-uedesheim.de\/wp-content\/uploads\/2023\/08\/Polos.jpg 1280w, https:\/\/rv-uedesheim.de\/wp-content\/uploads\/2023\/08\/Polos-300x169.jpg 300w, https:\/\/rv-uedesheim.de\/wp-content\/uploads\/2023\/08\/Polos-1024x576.jpg 1024w, https:\/\/rv-uedesheim.de\/wp-content\/uploads\/2023\/08\/Polos-768x432.jpg 768w\" sizes=\"(max-width: 1280px) 100vw, 1280px\" \/><\/a><\/figure><\/li><li class=\"blocks-gallery-item\"><figure><a href=\"https:\/\/rv-uedesheim.de\/wp-content\/uploads\/2023\/08\/Hoody.jpg\"><img loading=\"lazy\" width=\"1280\" height=\"720\" src=\"https:\/\/rv-uedesheim.de\/wp-content\/uploads\/2023\/08\/Hoody.jpg\" alt=\"\" data-id=\"1028\" data-full-url=\"https:\/\/rv-uedesheim.de\/wp-content\/uploads\/2023\/08\/Hoody.jpg\" data-link=\"https:\/\/rv-uedesheim.de\/?attachment_id=1028\" class=\"wp-image-1028\" srcset=\"https:\/\/rv-uedesheim.de\/wp-content\/uploads\/2023\/08\/Hoody.jpg 1280w, https:\/\/rv-uedesheim.de\/wp-content\/uploads\/2023\/08\/Hoody-300x169.jpg 300w, https:\/\/rv-uedesheim.de\/wp-content\/uploads\/2023\/08\/Hoody-1024x576.jpg 1024w, https:\/\/rv-uedesheim.de\/wp-content\/uploads\/2023\/08\/Hoody-768x432.jpg 768w\" sizes=\"(max-width: 1280px) 100vw, 1280px\" \/><\/a><\/figure><\/li><li class=\"blocks-gallery-item\"><figure><a href=\"https:\/\/rv-uedesheim.de\/wp-content\/uploads\/2023\/08\/Damen-Hoody.jpg\"><img loading=\"lazy\" width=\"1280\" height=\"720\" src=\"https:\/\/rv-uedesheim.de\/wp-content\/uploads\/2023\/08\/Damen-Hoody.jpg\" alt=\"\" data-id=\"1027\" data-full-url=\"https:\/\/rv-uedesheim.de\/wp-content\/uploads\/2023\/08\/Damen-Hoody.jpg\" data-link=\"https:\/\/rv-uedesheim.de\/?attachment_id=1027\" class=\"wp-image-1027\" srcset=\"https:\/\/rv-uedesheim.de\/wp-content\/uploads\/2023\/08\/Damen-Hoody.jpg 1280w, https:\/\/rv-uedesheim.de\/wp-content\/uploads\/2023\/08\/Damen-Hoody-300x169.jpg 300w, https:\/\/rv-uedesheim.de\/wp-content\/uploads\/2023\/08\/Damen-Hoody-1024x576.jpg 1024w, https:\/\/rv-uedesheim.de\/wp-content\/uploads\/2023\/08\/Damen-Hoody-768x432.jpg 768w\" sizes=\"(max-width: 1280px) 100vw, 1280px\" \/><\/a><\/figure><\/li><\/ul><\/figure>\n","protected":false},"excerpt":{"rendered":"<p>Zum Bestellen der Vereinskleidung nutzen Sie bitte unser Bestellformular. Klick auf das entsprechende Bild f\u00fcr eine vergr\u00f6\u00dferte Ansicht \u00a0 \u00a0 \u00a0 \u00a0 \u00a0<\/p>\n","protected":false},"author":2,"featured_media":0,"parent":0,"menu_order":0,"comment_status":"closed","ping_status":"closed","template":"","meta":[],"_links":{"self":[{"href":"https:\/\/rv-uedesheim.de\/wp-json\/wp\/v2\/pages\/542"}],"collection":[{"href":"https:\/\/rv-uedesheim.de\/wp-json\/wp\/v2\/pages"}],"about":[{"href":"https:\/\/rv-uedesheim.de\/wp-json\/wp\/v2\/types\/page"}],"author":[{"embeddable":true,"href":"https:\/\/rv-uedesheim.de\/wp-json\/wp\/v2\/users\/2"}],"replies":[{"embeddable":true,"href":"https:\/\/rv-uedesheim.de\/wp-json\/wp\/v2\/comments?post=542"}],"version-history":[{"count":19,"href":"https:\/\/rv-uedesheim.de\/wp-json\/wp\/v2\/pages\/542\/revisions"}],"predecessor-version":[{"id":1043,"href":"https:\/\/rv-uedesheim.de\/wp-json\/wp\/v2\/pages\/542\/revisions\/1043"}],"wp:attachment":[{"href":"https:\/\/rv-uedesheim.de\/wp-json\/wp\/v2\/media?parent=542"}],"curies":[{"name":"wp","href":"https:\/\/api.w.org\/{rel}","templated":true}]}}